1 = -4*p. What is the remainder when 125 is divided by n?
29
Let g = 63670 + -63659. Calculate the remainder when 83*5*1*1 is divided by g.
8
Let m = 3022 + -2864. Calculate the remainder when m is divided by 71.
16
Let k = -9809 - -9845. What is the remainder when 209 is divided by k?
29
Suppose 3*j + 1 = -4*a, -4*j + 3*a + 9 - 2 = 0. Suppose 3*p = 3*r - p - 148, j = -p. Calculate the remainder when r is divided by (4/3)/(2/15).
8
Suppose -4*i - 45 = -3*z + 57, 0 = -3*i - 9. Calculate the remainder when 1557 is divided by z.
27
Let a(b) = 9*b - 104. Let h be a(14). Suppose -11*f - 396 = -h*f. Calculate the remainder when f is divided by 19.
17
Suppose -9*g + 805 + 621 = 22*g. Suppose u - 6*u = 10, 4*a + 5*u = 2. Let c(p) = 60*p + 2. What is the remainder when c(a) is divided by g?
44
Suppose -8*x - 1432 = -136. Let h = -158 - x. Calculate the remainder when 31 is divided by h.
3
Suppose 37 = 2*r - 59. What is the remainder when ((-40)/(-12) - 4)/((-4)/858) is divided by r?
47
Let q be (-1)/((4 + -1)/3) - -1. Suppose q = -4*p - 3*c + 136, 179 = 3*p + 5*c + 66. What is the remainder when 72 is divided by p?
10
Let t = 47 + -6. Let g(f) = 313*f - 2490. What is the remainder when t is divided by g(8)?
13
Let p = -733 - -360. Let q = p - -404. Calculate the remainder when 47 is divided by q.
16
Let m(c) = 11*c - 53. Let u be m(6). Let n(w) = 5*w - 17. Calculate the remainder when 93 is divided by n(u).
45
Suppose -2*b - 13 + 1 = 4*u, 6 = -2*u. Suppose -5*m - 3*g - 1245 = b, 238 = -3*m + 5*g - 543. Let z = m - -464. Calculate the remainder when z is divided by 43.
40
Suppose -3*z + 31 = -62. Let o be 387/(-301) + 2/7. What is the remainder when (o + -25)/(((-80)/(-56))/(-5)) is divided by z?
29
Suppose 4*w - 39 = -4*m - 27, -4*w - 3 = m. What is the remainder when 384 is divided by m?
4
Suppose 5*n - 3*r + r + 675 = 0, 2*r = 3*n + 405. Let j = n + 172. Calculate the remainder when 142 is divided by j.
31
Suppose 671 = 17*y - 1335. Calculate the remainder when 471 is divided by y.
117
Suppose 236 = 3*d - 8*f - 0*f, -d + 75 = f. What is the remainder when 8283 is divided by d?
75
Suppose 16*d - 2449 = 11167. What is the remainder when d is divided by 71?
70
Suppose 10*g - 3*m = 12155, 4*g + 5*m - 3809 - 1022 = 0. What is the remainder when g is divided by 81?
80
Suppose 5*j = -3*i + 28, -28*j + 32*j - 3*i - 44 = 0. Let c = -32 + 59. Calculate the remainder when c is divided by j.
3
Let h(w) = -24*w + 54. Let x be h(-8). Let a = x - 203. Calculate the remainder when a is divided by 22.
21
Let d be 6/(-12)*8 - -63. Suppose 0 = 3*q - 9, -2*q - 8 = 3*j - d. What is the remainder when 130 is divided by j?
10
Let s(k) = -2*k**3 + 9*k**2 - 11*k + 15. Let r be s(6). Let j = r - -167. Calculate the remainder when 51 is divided by j.
3
Suppose -o + 2 = 4*t - 0*o, 3*o = -5*t - 1. Let u be -45*t + -2 - 0. Let f = -37 - u. Calculate the remainder when 38 is divided by f.
8
Let w = 1 - -64. Let f(q) = 51*q**2 + 553*q + 1116. Calculate the remainder when f(-2) is divided by w.
19
Suppose 7*a + 343 = v, -3*v + 12*a = 8*a - 944. What is the remainder when v is divided by 308?
0
Let d(x) = -3*x**2 + 285*x - 328. Calculate the remainder when d(33) is divided by 21.
14
Suppose 11 = -5*p + 21. Suppose -n - 2 = p*b + 2, 5*b = -2*n - 12. Let d(u) = 2*u**2 - 4*u + 2. What is the remainder when 147 is divided by d(b)?
47
Let b = -950 - -567. Let x = 404 + b. Calculate the remainder when 90 is divided by x.
6
Let s be (710/3)/((-14)/(-21)). Let t = 415 - s. What is the remainder when t is divided by 25?
10
What is the remainder when ((-1266)/10)/((-2)/(-20)*-1) is divided by 44?
34
Suppose 3*x - 1110 = -5*g, -11*g + 6*g - 4*x + 1115 = 0. Calculate the remainder when g is divided by 17.
15
Let u = 18 - 32. Let t(z) be the third derivative of z**4/24 + 3*z**3 - 16*z**2. Calculate the remainder when 17 is divided by t(u).
1
Let l(a) = -a**2 - 3*a + 903. Calculate the remainder when 35 is divided by l(-31).
0
Let l = 2399 - 2394. Let z = 183 + -63. Suppose z = -l*f + 9*f. What is the remainder when f is divided by 8?
6
Let o(r) = 3*r + 74. Suppose 4*z = 2*n + 16, 87 = -4*n - 7*z + 4*z. Calculate the remainder when 70 is divided by o(n).
10
Suppose 8*o = 186 + 150. Calculate the remainder when 211 is divided by (4 - 1)*602/o.
39
Let j = -353 - -702. What is the remainder when j is divided by 16?
13
Suppose 4*d - 8293 = p + 2715, 0 = -2*p. Calculate the remainder when -2*2/30 + d/1290 is divided by 1.
0
Let f be 32/40 - (33912/20)/(-3). Let n = -509 + f. Calculate the remainder when n is divided by 34.
23
Let h(a) = -26*a + 75. Calculate the remainder when h(-4) is divided by 150.
29
Let z be (-51)/((-5)/(-7) - 2/(-7)). Let v = 35 + z. What is the remainder when 10 is divided by (-3 - v/4)*6?
4
Let d(h) = h**3 + 14*h**2 - 4*h. Let i be (3 - 8) + (-7 - 2). Suppose -k = 5*y, -3*k = -4*k - 3*y + 6. What is the remainder when d(i) is divided by k?
11
Suppose 10*f - 1579 = -369. Let s = f - 54. Let n = s - 57. Calculate the remainder when 15 is divided by n.
5
What is the remainder when 803 is divided by 74/(-6 + -3 + 11)?
26
Suppose 12 = 4*n, 3*l = n - 3*n + 399. Suppose 5*r - 168 = v, r + v = -2*r + 96. Calculate the remainder when l is divided by r.
32
Let h(d) = -d**3 - 48*d**2 - 54*d + 137. Calculate the remainder when h(-47) is divided by 30.
16
Let u(a) = 14*a - 3. Let v(r) = 14*r - 3. Let h(g) = -2*u(g) + 3*v(g). Let s be h(-9). Let c = -76 - s. Calculate the remainder when c is divided by 29.
24
Suppose 6*y = 16 + 14. Suppose -y*v + 71 = 5*n - 99, -2*v = 4*n - 58. Calculate the remainder when 231 is divided by v.
36
Suppose -20 = 5*v, 2*d + 11*v = 16*v + 72. What is the remainder when d is divided by 16?
10
Let y be (4 + (-44)/10)/((-2)/20). Suppose 5*l - 55 = -3*a, y*a - a = 0. Calculate the remainder when 6*(2 + (-20)/(-6)) is divided by l.
10
Calculate the remainder when (15/(-55))/(24/(-28248)) is divided by 159.
3
Let g = -132 + 237. Suppose -8 = -5*f - 4*u, -4*f = -f + u - 9. Suppose 0 = 3*l + d - 26 - 51, -d = -f*l + 112. Calculate the remainder when g is divided by l.
24
Suppose 2*b - 270 = -a - 3*a, -3*a = -2*b - 213. Let j = 71 - a. Let s = 43 - 37. Calculate the remainder when s is divided by j.
0
Suppose -21*g + 23*g = -c + 10, g = -5*c + 32. Let o(w) = -w**3 + 6*w**2 + 5. What is the remainder when 13 is divided by o(c)?
3
Let r be -6 + (9*-4 - -3). Let h = -13 - r. Let x(l) = -14*l - 13. What is the remainder when x(-10) is divided by h?
23
Suppose 3*j = -5*w + 262, -5*w - 189*j = -184*j - 260. What is the remainder when 210 - (-2 + 1 + 2) is divided by w?
50
Let o(m) = -m**3 + 9*m**2 + 10. Let u(b) = 24*b**2 - 52*b + 151. Calculate the remainder when u(3) is divided by o(9).
1
Let d be (2/4 - (-20)/8)*-1. Let r be (-32)/12 - d - (-24)/9. Suppose -r*x + 7*x = 8. What is the remainder when 4 is divided by x?
0
Let y = 376 - 213. Suppose -5*o + 168 = y. What is the remainder when 4 is divided by o?
0
Let b(k) = k**3 - 12*k**2 - 2*k + 17. Let h be b(12). Let j be (-3)/(-6) + h/(28/(-30)). What is the remainder when 81 is divided by (-28)/(-6)*(11 - j)?
11
Let w = -4 + 4. Suppose 0 = 4*b - i - 562, w = -3*b + 7*b - 5*i - 554. Let t = b - 95. Calculate the remainder when t is divided by 8.
6
Suppose 22*v - 20*v - 470 = u, 0 = -5*v - 2*u + 1157. Let a = -211 + v. Calculate the remainder when 81 is divided by a.
15
Let c = 10802 + -10745. Calculate the remainder when c is divided by 33.
24
What is the remainder when 129/((-6)/(-5)*(495/(-36) + 15)) is divided by 48?
38
Suppose 64632 = 42*g - 29994. What is the remainder when g is divided by 113?
106
Let n = 21767 + -21751. Calculate the remainder when 863 is divided by n.
15
Suppose -5*o = 5*m - 15, -12*o + 10*o - 3*m + 9 = 0. Suppose o = -a + 2*d - 3*d + 86, 0 = -4*a - d + 353. Calculate the remainder when a is divided by 10.
9
Let y = 217 + -197. Let j = 43 + y. Calculate the remainder when j is divided by 14.
7
Let x = 39 + -16. Let s = x + -11. Let b = -41249 + 41284. What is the remainder when b is divided by s?
11
Let y = 6 + -5. Let n = -11433 + 11446. Calculate the remainder when n is divided by y.
0
Let k = 1437 + -793. Suppose -5*u - 3*f + 0*f - 1054 = 0, 0 = -3*u + 4*f - k. Calculate the remainder when -5